54?
False
Let l(w) = w**3 + 11*w**2 + 10*w + 6. Let t be l(-10). Let r(k) = -k**3 + 6*k**2 + 2*k - 6. Let s be r(t). Let g = 8 + s. Is g a multiple of 10?
False
Let b be 45/(-9) + -343*1. Does 3 divide 2/5 - (b/30 + 2)?
False
Let m = 25 + -27. Let d be ((-12)/m)/(-11 + 13). Is 6 a factor of d + (-2)/4*-8?
False
Let f = 1788 + -1692. Does 12 divide f?
True
Suppose p + 113 = 4*y, 0*y + 4*y + 214 = -2*p. Let f(x) = x**3 - 28*x**2 - 3*x + 15. Let g be f(28). Let q = g - p. Does 26 divide q?
False
Let y(s) = -s**2 + 9*s - 4. Let r be y(8). Suppose -r*b + 173 + 83 = 0. Let u = 109 - b. Is 13 a factor of u?
False
Let s(z) = -z**3 + 4*z**2 + 2*z + 1. Let w be s(4). Suppose -4*o + w = -75. Suppose -2*r + o = -39. Does 15 divide r?
True
Does 29 divide (1/2)/((-184478)/(-61488) + -3)?
False
Let t = -1593 - -2961. Is t a multiple of 76?
True
Let f be 8 + 36 + 4/(-2). Suppose -5*b + 58 = -f. Suppose 0 = 3*n - 5*q - b, -5*n - 2*q = -n - 44. Is 10 a factor of n?
True
Let v(h) = -h**2 + 7*h - 12. Let s be v(7). Let o = 15 - s. Is 9 a factor of o?
True
Let j(z) = z**3 - 6*z**2 - z - 10. Let u be j(7). Let i = -25 - -14. Let v = u - i. Is v a multiple of 11?
False
Let s(y) = -y**3 + 3*y**2 - 2*y + 142. Is 43 a factor of s(0)?
False
Let g = -14 - -20. Suppose g*w - 3*w = 213. Let b = -35 + w. Is b a multiple of 9?
True
Let f(k) = k**2 + k + 9. Let j be f(0). Suppose -j = 3*h, 2*h + 249 = 4*g - h. Does 6 divide g?
True
Does 66 divide (-92884)/(-264) + ((-22)/12 - -2)?
False
Let n(v) = -2*v + 3. Let a be n(0). Suppose 2*i - 135 = -z, 0 = 2*i + a*i + 3*z - 338. Does 20 divide i?
False
Let k be (-2)/(-6) - 91/21. Let s be k/6*(-120)/16. Suppose -s*v + 80 = 5*z, -6 = 4*v + 10. Is z a multiple of 13?
False
Suppose 5*y + 2111 = 226. Let j = y + 633. Suppose 3*g - 7*g + 232 = 2*o, -4*g + 4*o + j = 0. Is 15 a factor of g?
True
Let p(r) = r**3 + 3*r**2 - 4*r - 4. Let k be p(-4). Let j = 17 - 8. Is 78/(j/3) - k a multiple of 26?
False
Let d(f) be the third derivative of f**5/60 + f**4/6 - 5*f**3/6 + 5*f**2. Let w be d(-5). Suppose 4*m - m - 60 = w. Does 10 divide m?
True
Suppose 4*f - 2*n - 244 = 0, -4*f + 5*n - 94 = -344. Is 12 a factor of f?
True
Let k(u) = -182*u + 4. Suppose 2*w = 0, g + 3*w + 2 = -g. Is k(g) a multiple of 31?
True
Does 4 divide (7 - -1)*(-882)/(-392)?
False
Let n(o) = 5*o + 42. Let y be n(-8). Suppose 2*a + 350 = 4*g, 7*g + y*a = 5*g + 178. Does 12 divide g?
False
Let f(c) = 4*c**2 - 2*c + 2. Let r be f(3). Suppose -498 - 217 = -13*s. Let m = s - r. Does 11 divide m?
False
Let w = 4 - 10. Let o(k) = 4*k + 0 + 0 + 3 + k**2 + 2*k. Is o(w) a multiple of 2?
False
Suppose -5*u + 33 = -2*u. Suppose s + u = 4. Is 12/(-28) + (-157)/s a multiple of 6?
False
Let q be ((1 + 0)*-1)/((-21)/(-1533)). Let t = q + 145. Is 12 a factor of t?
True
Let c = -206 - -590. Does 24 divide c?
True
Let b = 648 - 181. Does 10 divide b?
False
Suppose 13*l + 252 = a + 9*l, -516 = -2*a - 4*l. Does 16 divide a?
True
Suppose w = -8*w + 1521. Suppose 5 + w = q. Is 48 a factor of q?
False
Let t(p) be the second derivative of p**5/20 + 3*p**4/4 - 5*p**3/2 - 11*p**2/2 - p. Let o = 12 + -22. Does 13 divide t(o)?
True
Suppose -165 = -b - 5*g + 957, 5*g = -3*b + 3356. Is b a multiple of 69?
False
Let c(t) = 37*t + 123. Is c(13) a multiple of 30?
False
Let p be (-4390)/(-6) + 2/(-3) + 2. Let l = p + -466. Is 22 a factor of l?
False
Is 9 a factor of 2/(-1) + (-16550)/(-10)?
False
Let a(y) = 2*y**2 + 26*y + 26. Let b be a(-12). Is b - 5 - -127 - -2 a multiple of 8?
False
Suppose -5*o = -1 - 14. Suppose 5*c + 5*s = 55, -5*s + 43 = 4*c - o. Is 4/(-6) + 267/c a multiple of 16?
False
Suppose -5*g = -24 + 4. Suppose 12 = 2*a + 2*i, 0*a = 2*a + g*i - 6. Does 9 divide a?
True
Let m(j) = j + 7. Let s be m(6). Suppose 0 = -i + 4, -2*i + s + 35 = w. Is 7 a factor of w?
False
Let r be 149/7 + 20/(-70). Let d = r - 19. Suppose 20 = 5*w, -2*u = 2*u + d*w - 36. Is 7 a factor of u?
True
Let y = 19 - -45. Is y a multiple of 5?
False
Let a(p) be the first derivative of p**2/2 - 10*p + 3. Let x be a(9). Is 2 - 5 - 8/x even?
False
Let u(c) = -5*c - 7. Let n be u(-2). Let b(f) = 4 + 8*f + 0*f**2 - 2*f**n + 4*f**2 - 2*f - 2*f. Is 16 a factor of b(-3)?
False
Let v(i) = 4*i + 18. Let s be v(-4). Suppose -t - 3*b + 18 + 2 = 0, 0 = -s*t + 2*b + 16. Is t a multiple of 6?
False
Suppose 0 = -15*r + 855 + 3360. Does 39 divide r?
False
Let d = -5 - -5. Suppose d = -5*k + 7*y - 3*y - 42, y + 2 = 0. Is (-5)/k - 10/(-4) a multiple of 3?
True
Suppose x + 1900 = 4*n + 3*x, x = -3*n + 1426. Let g = n - 327. Does 43 divide g?
False
Suppose r = -3*k - 3*r - 1491, -2*r = -3*k - 1509. Let q = -331 - k. Suppose q = -f + 6*f. Does 13 divide f?
False
Let s = 2711 + -1931. Does 12 divide s?
True
Let t(l) = 2*l - 2. Let p be t(7). Suppose -i = 5*c - 328, i + 3*i = p. Does 13 divide c?
True
Let a be ((-36)/(-21))/(-6)*(-298 - 3). Suppose -3*g + 74 = 4*n - 9*n, n = -3*g + a. Is g a multiple of 2?
True
Let c(q) = -15 - 20*q + 16 - 15*q. Is 12 a factor of c(-1)?
True
Let n = 12 + 4. Suppose 4*p + 7 + n = 3*g, 2*g + 5*p = 0. Does 23 divide g + -9 - 94/(-2)?
False
Let f(b) = -3*b - 5. Let a = -5 + 2. Let z be f(a). Suppose 0 = -z*i - 2*r + 166, -5*r - 38 = -4*i + 121. Is 14 a factor of i?
False
Let c(p) = 22*p + 1. Suppose -w - 10 = -3*w. Let x = -3 + w. Is 15 a factor of c(x)?
True
Let p = 2471 + -1527. Is 71 a factor of p?
False
Let o(y) = -y**3 + 6*y**2 + 9*y - 5. Let i be o(7). Suppose x + i = 30. Is 9 a factor of (-12)/7*x/(-2)?
True
Let b = -10 + 1. Is 4 a factor of 30/b*(-72)/20?
True
Let o be (-1 - (1 + -27))*1. Suppose -3*h = 3*g - g - o, 4*g - 23 = 3*h. Suppose -g*s + 410 = -3*s. Is 21 a factor of s?
False
Suppose 9*l = 14*l - y - 1346, -3*l + 3*y + 810 = 0. Is 22 a factor of l?
False
Suppose -4*q + 24 = 5*p - 80, 2*q = p - 32. Suppose 25*h - 19 = p*h. Is h a multiple of 14?
False
Let c be (25 - 5)/5*1/(-2). Is 4 a factor of 1/(-2)*21*c?
False
Let f(s) = 4*s**2 - 2*s - 1. Let k(j) = j**3 + j**2 + 3*j + 2. Let l be k(-1). Let w be -7 - -3 - 3/l. Is 2 a factor of f(w)?
False
Let o(l) = -l**2 - 26*l + 11. Does 9 divide o(-25)?
True
Suppose -5*h = -h + 20, 0 = -5*q + h + 1730. Suppose 13*d - 10*d = q. Is d a multiple of 23?
True
Suppose 4*d + 5*j = 15 + 30, -4*d + 4*j + 72 = 0. Suppose -2*f + 47 = d. Is 12 a factor of f?
False
Suppose 364 = -3*d + 4*q, 1 - 9 = -2*q. Let o(s) = 2*s + 167. Let c be o(0). Let u = c + d. Is u a multiple of 14?
False
Suppose -r + 2 = -c - 3*r, 5*r = -5*c. Is 106 - (4/c)/1 a multiple of 25?
False
Suppose 4*v - 3*c + c = 10, 0 = 4*v - 3*c - 7. Suppose -3*f + 5*i - 69 = -4*f, v*i = 3*f - 207. Does 23 divide f?
True
Suppose -4*c = -3*q - 4276, 2*c - 4*q = c + 1056. Does 19 divide c?
False
Let k = -35 + 37. Suppose -419 = -3*u - x - 139, 2*x + 176 = k*u. Is u a multiple of 29?
False
Suppose -1 = u, 3 = 4*q - 2*u - 7. Suppose -17 = q*h - 89. Let s = -14 + h. Is 22 a factor of s?
True
Let v(o) = -o + 5. Let f(m) = m**2 - m - 1. Let i be f(3). Suppose j + i + 4 = 0. Does 14 divide v(j)?
True
Let g = 12 + -12. Suppose -y + 2*u + 2 = -20, -y - 2*u + 2 = g. Is -8*((-27)/y)/1 a multiple of 4?
False
Does 15 divide (-5)/1 + 2 + (1 - -38)?
False
Suppose 2*g = -4*d + 604, -3*g - 4*d + 888 = -7*d. Suppose -h - h = -g. Does 30 divide h?
False
Suppose -6*q - 1834 = -13*q. Is q/6*(4 + -1) a multiple of 40?
False
Let s be (-1 + 16/(-2))/1. Let o be (-59)/(-3) - 3/s. Suppose -4*q - o = -96. Is 19 a factor of q?
True
Let a(d) = 6 + 17*d - 25 - 9 - d. Is 14 a factor of a(5)?
False
Let w be (9/(-5))/(24/(-40)). Suppose w*d - 29 = 1. Is 5 a factor of d?
True
Suppose -3*o + 5*o = -46. Let v = o - -35. Let d = v - 7. Does 4 divide d?
False
Let g(z) = z**2 + 2*z - 6. Let j(s) = -5*s + 1. Suppose b + 4 - 15 = 3*c, -c - 7 = -2*b. Let r be j(b). Does 27 divide g(r)?
False
Suppose k + 10 = -4*q, -q - 5 - 25 = 3*k. Let x be 2/5 - (-14)/k. Is 14 a factor of (x - -18)*(-2 - -3)?
False
Let z = 1414 + -1085. Is z a multiple of 47?
True
Let t = 2712 - 1737. Is 38 a factor of t?
False
Let r(q) = -q**3 + 63*q**2 + 20*q + 84. Is r(63) a multiple of 56?
True
Let m = -55 + 87. Let z = -20 + m. Is z/30 - 268/(-5) a multiple of 18?
True
Suppose -g + 7*g = 12. Is 19 a factor of g/(-3) - (-4879)/51?
True
Suppose -24 = -5*o + 3*r, 21 = 4*o - 4*r + r. S